ime factors of 379112040?
2, 3, 5, 1053089
List the prime factors of 18518560.
2, 5, 115741
List the prime factors of 40195698.
2, 3, 73, 91771
What are the prime factors of 40990219?
199, 205981
List the prime factors of 206631617.
17, 12154801
List the prime factors of 777193535.
5, 4603, 33769
List the prime factors of 52510614.
2, 3, 13, 83, 8111
List the prime factors of 57644702.
2, 4007, 7193
List the prime factors of 83100404.
2, 1223, 16987
What are the prime factors of 753102554?
2, 376551277
What are the prime factors of 28286174?
2, 7, 19, 43, 2473
What are the prime factors of 557216697?
3, 101, 1838999
List the prime factors of 36620658.
2, 3, 2034481
List the prime factors of 1823225131.
7, 13, 20035441
List the prime factors of 1945270442.
2, 167, 191, 30493
What are the prime factors of 45048684?
2, 3, 37, 241, 421
List the prime factors of 73934890.
2, 5, 19, 41, 9491
List the prime factors of 20454074.
2, 10227037
What are the prime factors of 230384476?
2, 7, 17, 69143
List the prime factors of 2761686556.
2, 19, 83, 233, 1879
What are the prime factors of 132162779?
7, 37, 43, 11867
List the prime factors of 25061135.
5, 11, 59, 7723
What are the prime factors of 24147606?
2, 3, 7, 37, 41, 379
What are the prime factors of 7064860?
2, 5, 11, 17, 1889
What are the prime factors of 845334501?
3, 11, 25616197
What are the prime factors of 61648311?
3, 20549437
List the prime factors of 53991828.
2, 3, 11, 136343
What are the prime factors of 3386499165?
3, 5, 7, 3583597
List the prime factors of 261879364.
2, 1489, 43969
List the prime factors of 103593603.
3, 34531201
What are the prime factors of 3423077268?
2, 3, 13, 79, 277757
List the prime factors of 7090698762.
2, 3, 7, 577, 13933
What are the prime factors of 203634568?
2, 17, 1497313
List the prime factors of 308902817.
19, 31, 524453
List the prime factors of 313199304.
2, 3, 11, 29, 3719
What are the prime factors of 251060719?
7, 13, 457, 6037
List the prime factors of 60317904.
2, 3, 17, 193, 383
List the prime factors of 71192846.
2, 241, 147703
What are the prime factors of 8414220334?
2, 13, 4831, 5153
What are the prime factors of 1265736391?
23, 113, 367, 1327
What are the prime factors of 220548979?
7, 19, 87277
What are the prime factors of 3763938?
2, 3, 19, 137, 241
List the prime factors of 4004584426.
2, 761, 2631133
List the prime factors of 2611.
7, 373
What are the prime factors of 257225302?
2, 29, 251, 17669
List the prime factors of 50451941.
61, 443, 1867
What are the prime factors of 2115948893?
2115948893
List the prime factors of 4131409319.
4131409319
What are the prime factors of 2479017?
3, 826339
What are the prime factors of 776300318?
2, 3259, 119101
What are the prime factors of 18048268?
2, 7, 92083
What are the prime factors of 78245692?
2, 7, 71, 39359
List the prime factors of 909359661.
3, 7, 101, 428741
What are the prime factors of 194776849?
12377, 15737
What are the prime factors of 67117966?
2, 3491, 9613
List the prime factors of 135983491.
7, 373, 52081
List the prime factors of 418737794.
2, 61, 3432277
List the prime factors of 79641567.
3, 8849063
List the prime factors of 5471178404.
2, 113, 12104377
List the prime factors of 895401692.
2, 3559, 62897
List the prime factors of 20101495.
5, 29, 157, 883
List the prime factors of 702749112.
2, 3, 13, 29, 101, 769
What are the prime factors of 1968827872?
2, 11, 41, 136421
What are the prime factors of 121853484?
2, 3, 17, 22123
What are the prime factors of 52734478?
2, 863, 30553
List the prime factors of 364951290.
2, 3, 5, 11, 1105913
What are the prime factors of 169370661?
3, 3697, 15271
List the prime factors of 4298773700.
2, 5, 13, 61, 151, 359
What are the prime factors of 73220381?
13, 673, 8369
What are the prime factors of 56569452?
2, 3, 73, 64577
List the prime factors of 8325549.
3, 59, 15679
List the prime factors of 775833267.
3, 11, 17, 67, 20641
What are the prime factors of 78130861?
17, 409, 661
What are the prime factors of 44938270?
2, 5, 13, 345679
What are the prime factors of 226093113?
3, 1321, 2113
List the prime factors of 257668214.
2, 2549, 50543
List the prime factors of 4550808.
2, 3, 189617
What are the prime factors of 5912281?
67, 79, 1117
What are the prime factors of 2288383315?
5, 251, 1823413
List the prime factors of 118276348.
2, 29569087
List the prime factors of 2104996214.
2, 71, 1327, 11171
What are the prime factors of 310469469?
3, 89, 1162807
List the prime factors of 3083345893.
109, 28287577
What are the prime factors of 1447485850?
2, 5, 28949717
List the prime factors of 65338581.
3, 7, 11, 282851
List the prime factors of 3615815033.
29, 157, 794161
List the prime factors of 796023601.
19, 911, 45989
What are the prime factors of 75804977?
137, 257, 2153
List the prime factors of 56014055.
5, 31, 389, 929
List the prime factors of 590495602.
2, 295247801
What are the prime factors of 911817253?
17, 3155077
List the prime factors of 93808054.
2, 19, 2468633
List the prime factors of 509294219.
7, 72756317
What are the prime factors of 1082285575?
5, 7, 409, 15121
What are the prime factors of 27501648?
2, 3, 17, 33703
List the prime factors of 215165960.
2, 5, 5379149
What are the prime factors of 84628730?
2, 5, 23, 43, 199
What are the prime factors of 1594558921?
41, 307, 126683
What are the prime factors of 148021639?
673, 219943
List the prime factors of 33318057.
3, 1481, 7499
What are the prime factors of 46182744?
2, 3, 17, 12577
What are the prime factors of 492969426?
2, 3, 37, 59, 61, 617
What are the prime factors of 545568727?
11, 6577, 7541
List the prime factors of 7769993.
7, 11, 19, 47, 113
List the prime factors of 380980666.
2, 11, 19, 911437
What are the prime factors of 93825886?
2, 7, 11, 87037
What are the prime factors of 546539291?
2417, 226123
What are the prime factors of 32073187?
32073187
List the prime factors of 1878803073.
3, 7, 9940757
What are the prime factors of 392323772?
2, 3691, 26573
List the prime factors of 1021019115.
3, 5, 68067941
What are the prime factors of 1783673405?
5, 17, 20984393
List the prime factors of 25977037.
17, 1528061
List the prime factors of 336607147.
29, 11607143
What are the prime factors of 623690512?
2, 3613, 10789
List the prime factors of 81915055.
5, 811, 20201
List the prime factors of 791610141.
3, 7, 31, 173713
What are the prime factors of 375324105?
3, 5, 13, 71, 27109
List the prime factors of 1230704497.
11, 1399, 79973
What are the prime factors of 1153727060?
2, 5, 79, 157, 4651
List the prime factors of 211282658.
2, 59, 1790531
What are the prime factors of 106123443?
3, 503, 70327
What are the prime factors of 1975091547?
3, 11, 13, 953, 4831
List the prime factors of 1661079633.
3, 101, 5482111
What are the prime factors of 53720357?
17, 3160021
List the prime factors of 475655850.
2, 3, 5, 1057013
List the prime factors of 86290070.
2, 5, 2269, 3803
List the prime factors of 28762486.
2, 89, 349, 463
List the prime factors of 751525169.
29, 893609
What are the prime factors of 368921703?
3, 197, 624233
What are the prime factors of 269855463?
3, 2111, 42611
List the prime factors of 136360976.
2, 8522561
What are the prime factors of 409113473?
1667, 245419
List the prime factors of 265462215.
3, 5, 17697481
What are the prime factors of 266057574?
2, 3, 233, 190313
List the prime factors of 39512935.
5, 7, 11, 29, 3539
List the prime factors of 241576369.
1327, 182047
What are the prime factors of 1168166953?
1168166953
What are the prime factors of 27889635?
3, 5, 41, 101, 449
What are the prime factors of 123044515?
5, 11, 743, 3011
What are the prime factors of 246001991?
53, 97, 109, 439
List the prime factors of 992379409.
7, 31, 653311
What are the prime factors of 4723593446?
2, 11, 13, 17, 57149
List the prime factors of 130410831.
3, 31, 1402267
What are the prime factors of 116336700?
2, 3, 5, 129263
List the prime factors of 618757369.
29, 181, 117881
List the prime factors of 237190456.
2, 29648807
What are the prime factors of 2919296140?
2, 5, 145964807
What are the prime factors of 1971288946?
2, 11, 31, 47, 89, 691
List the prime factors of 529464028.
2, 132366007
List the prime factors of 133851068.
2, 13, 257405